{"id":2,"date":"2017-11-24T10:53:41","date_gmt":"2017-11-24T08:53:41","guid":{"rendered":"http:\/\/virtuellerserver.eu\/?page_id=2"},"modified":"2025-11-19T15:03:15","modified_gmt":"2025-11-19T13:03:15","slug":"esimerkkisivu","status":"publish","type":"page","link":"https:\/\/psykoterapiamielenmaja.fi\/?page_id=2","title":{"rendered":"Palvelut"},"content":{"rendered":"<p><strong>Suvi Karhum\u00e4ki<\/strong><\/p>\n<ul>\n<li>Kognitiivinen psykoterapia<\/li>\n<li>Skeematerapia<\/li>\n<li>Kela vaativa l\u00e4\u00e4kinn\u00e4llinen kuntoutus lasten ja nuorten psykoterapia sek\u00e4 vanhempien ohjausk\u00e4ynnit<\/li>\n<li>Kela kuntoutuspsykoterapia<\/li>\n<li>Psykologin ohjaus&amp;neuvontak\u00e4ynnit (1-5 k\u00e4ynti\u00e4)<\/li>\n<li>Lyhytterapeuttinen ty\u00f6skentely (5-25 k\u00e4ynti\u00e4)<\/li>\n<li>MyMind &#8211; Mindfulnessryhm\u00e4t.\u00a0<\/li>\n<li><span style=\"font-size: inherit;\">Ty\u00f6nohjausta lasten ja perheiden kanssa ty\u00f6skentelville opetus-, sosiaalialan ja terveysalan ammatilaisille<\/span><\/li>\n<\/ul>\n<p><strong>Mielenmaja hinnat<\/strong><\/p>\n\n\n<p>45min 105e,&nbsp;60min 140 e,&nbsp;90min&nbsp;180e.<\/p>\n\n\n\n<p>Kela korvaa kuntoutuspsykoterapian kustannuksista&nbsp;yli 16-vuotiaille, 57.60e \/kerta. T\u00e4h\u00e4n tarvitaan l\u00e4\u00e4k\u00e4rinlausunto jossa suositus kuntoutuspsykoterapiasta. Tarkemmat tiedot kela.fi.&nbsp;<\/p>\n\n\n\n<p>Alle 16-vuotiaille Kela korvaa psykoterapiaa vaativana l\u00e4\u00e4kinn\u00e4llisen\u00e4 kuntoutuksena <em>kokonaisuudessaan<\/em>. T\u00e4h\u00e4n edellytyksen\u00e4 on aiempi hoitokontakti perusterveydenhuollossa tai erikoissairaanhoidossa, jonka j\u00e4lkeen psykiatri suositellut jatkohoidoksi psykoterapiaa. Tarkemmat tiedot <\/p>\n\n\n\n<p>https:\/\/www.kela.fi\/vaativa-laakinnallinen-kuntoutus <\/p>\n","protected":false},"excerpt":{"rendered":"<p>Suvi Karhum\u00e4ki Kognitiivinen psykoterapia Skeematerapia Kela vaativa l\u00e4\u00e4kinn\u00e4llinen kuntoutus lasten ja nuorten psykoterapia sek\u00e4 vanhempien ohjausk\u00e4ynnit Kela kuntoutuspsykoterapia Psykologin ohjaus&amp;neuvontak\u00e4ynnit (1-5 k\u00e4ynti\u00e4) Lyhytterapeuttinen ty\u00f6skentely (5-25 k\u00e4ynti\u00e4) MyMind &#8211; Mindfulnessryhm\u00e4t.\u00a0 Ty\u00f6nohjausta lasten ja perheiden kanssa ty\u00f6skentelville opetus-, sosiaalialan ja terveysalan ammatilaisille Mielenmaja hinnat 45min 105e,&nbsp;60min 140 e,&nbsp;90min&nbsp;180e. Kela korvaa kuntoutuspsykoterapian kustannuksista&nbsp;yli 16-vuotiaille, 57.60e \/kerta. T\u00e4h\u00e4n tarvitaan [&hellip;]<\/p>\n","protected":false},"author":1,"featured_media":0,"parent":0,"menu_order":0,"comment_status":"closed","ping_status":"open","template":"","meta":{"footnotes":""},"_links":{"self":[{"href":"https:\/\/psykoterapiamielenmaja.fi\/index.php?rest_route=\/wp\/v2\/pages\/2"}],"collection":[{"href":"https:\/\/psykoterapiamielenmaja.fi\/index.php?rest_route=\/wp\/v2\/pages"}],"about":[{"href":"https:\/\/psykoterapiamielenmaja.fi\/index.php?rest_route=\/wp\/v2\/types\/page"}],"author":[{"embeddable":true,"href":"https:\/\/psykoterapiamielenmaja.fi\/index.php?rest_route=\/wp\/v2\/users\/1"}],"replies":[{"embeddable":true,"href":"https:\/\/psykoterapiamielenmaja.fi\/index.php?rest_route=%2Fwp%2Fv2%2Fcomments&post=2"}],"version-history":[{"count":22,"href":"https:\/\/psykoterapiamielenmaja.fi\/index.php?rest_route=\/wp\/v2\/pages\/2\/revisions"}],"predecessor-version":[{"id":279,"href":"https:\/\/psykoterapiamielenmaja.fi\/index.php?rest_route=\/wp\/v2\/pages\/2\/revisions\/279"}],"wp:attachment":[{"href":"https:\/\/psykoterapiamielenmaja.fi\/index.php?rest_route=%2Fwp%2Fv2%2Fmedia&parent=2"}],"curies":[{"name":"wp","href":"https:\/\/api.w.org\/{rel}","templated":true}]}}